4*d + 114 = 0. List the prime factors of m.
2, 13
Suppose -3*j + 23 = -268. What are the prime factors of j?
97
List the prime factors of 96/((-3)/2 + 3).
2
Suppose 4*m + s = 152, 3*s - 152 = -4*m - 0*s. What are the prime factors of m?
2, 19
Let s(c) = c**2 + 1. Let t(k) = -2*k**3 + 6*k**2 + k + 5. Let f(d) = -5*s(d) + t(d). Suppose -5*y = -0*y + 10. List the prime factors of f(y).
2, 3
Let n be ((-12)/30)/((-2)/30). Let c = n + -4. Suppose 0 = 4*y - c*y - 8. List the prime factors of y.
2
Let h = 9 - 41. Let n = h - -45. List the prime factors of n.
13
Suppose 39 = -t + 4*t. List the prime factors of t.
13
Let a be 1 + 0 + (2 - -3). Suppose 5*p - a - 9 = 0. Suppose -p*u + s + 3 + 1 = 0, 16 = 3*u + 5*s. List the prime factors of u.
2
Suppose 0 = 2*n + 3*z - 92, 0 = -3*n + 3*z + 2*z + 100. List the prime factors of n.
2, 5
Let a(x) = 2*x - 5. Let g be a(4). Suppose -4*f - f + p = -g, 2*f - p = 0. Let u = 18 + f. What are the prime factors of u?
19
Let h = 14 - 7. Suppose 0 = -4*f + h + 13. What are the prime factors of f?
5
Suppose -20 = 2*s + 3*s. Let v be 2*(0 - 2/s). Suppose 0 = z - v, w - 60 = -4*w - 5*z. What are the prime factors of w?
11
Suppose -4*c - 4*a = -28, 0 = 2*c + 2*c + 3*a - 26. Let t(d) = -d - 1. Let f be t(c). Let w(i) = i**3 + 6*i**2 + 6. List the prime factors of w(f).
2, 3
Let k(h) = h**2 - 16*h + 2. Let u be k(16). What are the prime factors of (-3)/u*(-32)/6?
2
Let j = 0 - -6. Let i = j - 3. What are the prime factors of i?
3
Let v = -96 + 63. Let z = v + 61. What are the prime factors of z?
2, 7
Let q(d) = 1. Let o(z) = -2*z - 5. Let c(n) = -o(n) - 6*q(n). List the prime factors of c(5).
3
List the prime factors of (-178)/4*((-6)/1 - -4).
89
Suppose -5*l - 46 = -2*u - u, 0 = 5*u + 4*l - 89. Let y = 26 - u. What are the prime factors of y?
3
Suppose -585 = j + 4*j. List the prime factors of j/(-12) - (-1)/4.
2, 5
Let w(q) = 7*q + 5. Let k = 6 + -2. List the prime factors of w(k).
3, 11
Let h(q) be the first derivative of -q**4/4 - 4*q**3/3 + 3*q**2/2 - 2*q - 4. What are the prime factors of h(-5)?
2
Suppose 3*s = -15, -r - 5*s - 14 = 22. Let x = 28 - r. What are the prime factors of x?
3, 13
Suppose 60 = 10*c - 6*c. What are the prime factors of ((-50)/c)/((-4)/6)?
5
Suppose -2*w + 42 = -3*i, -4*w + 5*i = -5*w - 5. Suppose 0*n - w = -5*r - n, -3*r - 4*n + 9 = 0. What are the prime factors of r?
3
Suppose r - 5*h + h = 8, 0 = -4*r + 5*h + 10. Suppose -o + 12 = 2*x, r = -3*o + o - 5*x + 26. List the prime factors of o.
2
Let b be 0*3/(-24)*-4. Suppose 5*v + 95 = 5*p, 3*p + b*p = 2*v + 58. List the prime factors of p.
2, 5
Let u = -76 + 106. Suppose -5*w + 4 = 2*v, 4*w - 7 = -4*v + 1. Suppose u = v*z + 2. List the prime factors of z.
2, 7
Let f = -4 - -4. Suppose 5*b - 46 = i, f = -3*b - b + 3*i + 28. Suppose j - b = 8. List the prime factors of j.
2, 3
Suppose -4*y - 2*m + 3 = -15, 5*y - 30 = 5*m. Let d = 15 - 11. Suppose t + 2 = d*r - 0*r, 5*t - 65 = -y*r. List the prime factors of t.
2, 5
Let v(c) be the third derivative of c**4/4 + c**3/3 - 3*c**2. List the prime factors of v(4).
2, 13
Suppose 21 = y + 1. Let m be (25/y)/(1/4). Suppose m*w - w - 24 = 0. What are the prime factors of w?
2, 3
List the prime factors of 0/3 + 27/3.
3
Suppose -5*r - 25 = -5*s, 4*s - 9 = -2*r + 11. Suppose r = -3*m - m + 192. Suppose 5*a - a = m. List the prime factors of a.
2, 3
Let c(t) = t**2 - 2*t + 2. Let z be c(3). Suppose 33 - 8 = 4*r + 3*k, 0 = 3*r - z*k + 3. Suppose n - r = -n. List the prime factors of n.
2
Let w be (-2 + 3)/(1/(-8)). Let n(j) = -1. Let u(k) = k - 14. Let h(c) = 6*n(c) - u(c). What are the prime factors of h(w)?
2
Let f = 194 - 154. List the prime factors of f.
2, 5
Let x(n) = n**2 - 8*n + 2. What are the prime factors of x(8)?
2
Suppose 3*p - 30 = -2*p. Suppose -p + 1 = 5*r. List the prime factors of 16 + 0 + (0 - r).
17
Let f(x) = -x + 3. Let b be f(6). Let j = 1 - b. What are the prime factors of j/(-6) - 22/(-6)?
3
Let r(w) = -w**2 + 2. Let n be r(-2). Let i = 4 + n. Suppose i*c = -2*c + 8. List the prime factors of c.
2
What are the prime factors of 64/(-3)*48/(-32)?
2
Suppose 31 = 4*z + z + 3*b, -2*z - b + 12 = 0. Suppose -4*i + 16 = -0*i. Suppose -z*l + 36 + i = 0. List the prime factors of l.
2
Let v be 162/30 - 2/5. Suppose v*d - 3*d = 14. What are the prime factors of d?
7
Let c(u) = -4*u + 67. List the prime factors of c(-23).
3, 53
What are the prime factors of (-14)/(-119) - 6044/(-68)?
89
Suppose 23 = 5*u + 2*z, 6*z - 3*z = u + 9. Suppose -3*h = 15 - u. List the prime factors of ((-3)/6)/(1/h).
2
Let i(m) = -m**3 + 5*m**2 + m. List the prime factors of i(4).
2, 5
Let d(j) = -j**3 + j + 65. What are the prime factors of d(0)?
5, 13
What are the prime factors of 47 + -44 - 4/(-2)*4?
11
Let m(i) = -i**2 + 5*i - 6. Let f be (-2)/(-9) - (-43)/9. Let b(a) = 2*a**2 - 9*a + 11. Let k(n) = f*m(n) + 3*b(n). What are the prime factors of k(2)?
3
Suppose -4*b + 20 = z + 2*z, -2*z = b - 15. Let o = 17 - z. Let p = o + -6. List the prime factors of p.
3
Let u = 0 + 5. Suppose -75 = -3*z + 2*c, -2*c = -0*z - u*z + 125. Let d = z - 17. What are the prime factors of d?
2
Let a = -46 + 83. What are the prime factors of a?
37
Let j(n) = 24*n - 22. What are the prime factors of j(6)?
2, 61
Let c(h) = -h**3 + 2*h**2 - 5. Let l be c(4). Let x = -23 - l. List the prime factors of x.
2, 7
Suppose 0*y - 2*b = -2*y, -3*y - 10 = -5*b. Let d(g) = -g**3 + 5*g**2 + 3*g. Let q be d(y). Let a = 26 - q. List the prime factors of a.
11
Let z = 24 - 22. Suppose -z*g + 0*g = -4*c - 114, -49 = -g - 2*c. List the prime factors of g.
53
Let z be ((-1)/3)/1*-50*6. Let v(i) = -i**3 + 7*i**2 - 6*i + 6. Let b be v(6). What are the prime factors of z/6 - (-2)/b?
17
Suppose -2*o - 2*o + 64 = -4*f, 0 = 4*o + 3*f - 36. What are the prime factors of o?
2, 3
Suppose -2*i = w - 3*w, 6 = i - 4*w. Let t be ((-2)/i - 2) + 62. Suppose -g + 17 = -2*l, t = 5*g - 0*g - 2*l. List the prime factors of g.
11
Suppose 0 = -r + 5*t - 2*t - 5, 0 = 5*r + 5*t - 35. Suppose 6*a = a - r*b - 10, 0 = 3*a + 2*b + 6. What are the prime factors of 136/14 - a/7?
2, 5
Suppose 0*d - 2*d = -56. List the prime factors of d.
2, 7
Let a(j) = -j**2 - 19*j - 14. What are the prime factors of a(-15)?
2, 23
Suppose 5*u - 473 = 817. What are the prime factors of u?
2, 3, 43
Let r(d) = -d**2 + d + 4. Let c be r(0). Let w(s) = s**2 - 2*s - 5. List the prime factors of w(c).
3
Suppose -5*y + 1106 = 2*y. List the prime factors of y.
2, 79
List the prime factors of 5/(3 - (-58)/(-20)).
2, 5
Suppose r - 6 = 4*d - 6*d, 6 = 2*d + 5*r. What are the prime factors of d/(-3)*-15 + 1?
2
List the prime factors of 14/63 + (-1)/((-18)/1022).
3, 19
Let l(y) be the third derivative of -y**6/120 + 2*y**5/15 - y**4/3 + 3*y**3/2 - y**2. Let i be l(7). Suppose -4*k - i = -26. What are the prime factors of k?
2, 3
Suppose 0 = -3*t - 5*z + 106, -141 = -4*t - 5*z - 3. List the prime factors of t.
2
Let r(m) = 16 - 3 - 2*m**2 - m**2 + 4*m**2. What are the prime factors of r(0)?
13
Suppose 18 = 4*o - v, 5*o = -0*v + 2*v + 21. Suppose -o*l + 3*m = 3, -m + 4 = -3*l + 3*m. Suppose l = -j + 2 + 7. List the prime factors of j.
3
What are the prime factors of (366/12)/(1/6)?
3, 61
Let k be 58/15 - (-2)/15. Let l be (-34)/(-2) - 2/1. Suppose -2*d = -4*i - l - 25, 30 = 5*d + k*i. List the prime factors of d.
2, 5
Let l(x) be the third derivative of -x**5/60 + x**4/24 + 2*x**3 + 2*x**2. What are the prime factors of l(0)?
2, 3
Suppose 4*h - 47 = 1. List the prime factors of h.
2, 3
Suppose -303*w = -304*w + 257. List the prime factors of w.
257
Suppose -4*z + 134 + 110 = 4*s, -z - 125 = -2*s. What are the prime factors of s?
2, 31
Suppose -f = -4*l + 4, -f - 5 = -5*f - 5*l. Let q be (1 - f) + (-8)/(-4). Suppose -x - 20 = -q*x. List the prime factors of x.
2, 5
Suppose -5 = -2*p + 7. Suppose -5*v = -p*v + 18. Suppose r - v + 3 = 0. List the prime factors of r.
3, 5
Let h be 3 + ((-9)/(-3) - -11). Let s = 2 + h. What are the prime factors of s?
19
Suppose 0*g = 5*g - 160. Suppose -2*p = -4*b - g, 3*p + b = 10 + 31. What are the prime factors of 1*(0 - p/(-2))?
7
List the prime factors of (-4 - (-38)/6)*15.
5, 7
Let a = 91 - 55. Let x = -15 + a. List the prime factors of x.
3, 7
Let m = -59 + 169. List the prime facto